2 + 15. Give b(6).
-1
Let z(j) = 4*j**3 + j**2. Let i(q) = -5*q**3 - q**2. Let h(n) = 2*i(n) + 3*z(n). Suppose 1 = p - 4. Suppose 2 = 3*l + p. Determine h(l).
-1
Let o be 1*(-1 + 0 + -1). Let l(w) = -2*w**2 + 896 - w - 3*w**2 - 898. What is l(o)?
-20
Let s(m) = -1. Let j(a) = 7*a - 3. Let b(y) = -j(y) + 2*s(y). Let z(i) = -3*i. Let c(l) = -2*b(l) + 5*z(l). What is c(-4)?
2
Let y = 88 + -93. Let l(q) = -q**2 + 5*q + 1. Let p be l(5). Let i(n) = 0 + p - n**3 - 4*n - 6*n**2 + 0. Determine i(y).
-4
Let n(l) be the first derivative of l**3/2 + 7*l**2/2 + 20*l + 13. Let q(v) be the first derivative of n(v). Determine q(-5).
-8
Let r(z) = 2*z**2 - 861 + 18*z + 848 + 4*z**2 - 5*z**2. What is r(-19)?
6
Suppose 36*c - 38*c = -140. Let l be c/6 + (-14)/(-42). Let w(a) = 14*a - 34*a + l*a + 9*a - 5. Determine w(-4).
-9
Suppose 0 = -1282*o + 1277*o - 20. Let b(m) = 3*m + 17. Determine b(o).
5
Let j = 6 - -1. Let o(i) = -6*i**3 + 18*i**2 - 12*i - 10. Let y(l) = 5*l**3 - 16*l**2 + 11*l + 10. Let n(p) = 4*o(p) + 5*y(p). What is n(j)?
10
Suppose 14*m + 36 = 23*m. Let r(n) be the third derivative of 0 + 0*n + 7*n**2 + n**3 - 1/8*n**m. Give r(4).
-6
Let a(n) = n**2 - 4*n + 3. Let x(y) = -2*y + 30. Let v be x(13). What is a(v)?
3
Let c(h) be the third derivative of 0*h + 0 + 1/10*h**5 + 1/4*h**4 + 1/2*h**3 + 6*h**2 - 1/120*h**6. Let k(i) = -i + 10. Let p be k(3). Calculate c(p).
-4
Let s(b) = 9*b. Suppose j = 3*n + 26, n + 5*j = 5*n + 20. Let g be (-2)/((-2 + 7)*n/25). What is s(g)?
9
Let q be (77/(-7) - -3)/(-1). Let z(b) be the first derivative of q + 5/2*b**2 - b. What is z(4)?
19
Let s(h) = -1 + 106*h**3 - 3*h + 3*h - 99*h**3. Calculate s(1).
6
Let i be (-2)/(-1) - (-3 - -2). Suppose -2*r + 6*r + i = -3*x, 3*r + x - 4 = 0. Suppose r = -3*j - 6. Let h(p) = p**3 + 2*p**2 + 1. What is h(j)?
-8
Let i(p) be the second derivative of -p**3/3 - 19*p**2/2 - 413*p. Calculate i(-11).
3
Let i(x) = 4*x**2 + 18*x - 1. Let q(y) = -y**2 - 6*y + 1. Let z(v) = -i(v) - 5*q(v). What is z(-13)?
9
Let c(a) = -a + 15. Let p be c(10). Let i be (-1 - (-1 + 4))/(-2). Let f(r) = 1 + 6*r - p*r - r + 3*r**i. What is f(-1)?
4
Suppose m = p - 1 - 22, 2*p = -3*m + 61. Let n(k) = -3*k - p + 23 + k. What is n(-2)?
1
Let b be (-989)/(-172) - (-3)/(-4). Let p(w) = -3*w - 3. Let n(z) = -z - 1. Let g(c) = -2*n(c) + p(c). Calculate g(b).
-6
Let q(k) = k + 2. Let d be (51/(-34))/(1/(-2)). Suppose -2*z - 38 = -d*h, 4*h + 4*z = 2*h + 20. Let w be h/2*(14 - 13). What is q(w)?
8
Let a(h) = -h**3 + 6*h**2 - 5*h + 3. Let u(c) = -6*c**2 + 20*c - 2. Let j be u(3). What is a(j)?
15
Let p(c) = -c**2 + 2. Let h(m) = 63*m**2 - 3. Let z(q) = -h(q) - p(q). Give z(-1).
-61
Let l = -14 + 16. Let b be 1/l - 9/(-2). Let h(s) = -1 - 2*s - 3 + 3*s. Give h(b).
1
Suppose -1 = -9*p + 44. Let k(b) = -b**2 + 7*b + 5. Give k(p).
15
Suppose -22 = -8*f + 34. Let j(x) = -x**3 + 8*x**2 - 5*x - 3. Calculate j(f).
11
Let g(t) = -t - 1. Let n be g(-4). Suppose 0 = -5*u + 4*h - 16, -2*u - 3*h + 8 = -4. Let s(p) = u - p**2 - n*p - 1 + 5 + 4*p. Give s(-3).
-8
Let l(b) = -3 + 4 - 6*b**2 + 2*b + 3. Let z(g) be the second derivative of -17*g**4/12 + g**3 + 11*g**2/2 - 7*g + 2. Let v(k) = 8*l(k) - 3*z(k). Give v(-1).
4
Let t(i) = -3*i + 12. Suppose -103*r + 102*r = -7. Calculate t(r).
-9
Let f(p) = -p**2 + 7*p - 7. Let c be (-2)/3*315/(-30). Determine f(c).
-7
Suppose 22*s - 13*s = 45. Let h(j) be the second derivative of -5/12*j**4 + j + 0 - 1/2*j**2 + 0*j**3 + 1/20*j**s. Calculate h(5).
-1
Let h(f) = f**2 + 3*f + 3. Let v = -66 + 70. Suppose d - 3 = v*w, 3*w + 1 = -d + 2*d. Give h(w).
1
Let b(x) = -x**2 + 5*x - 1. Suppose -4 = z + 3. Let a be (14/(-4))/((z/14)/1). Give b(a).
-15
Let u(y) = 2*y - 13. Let c be (-7)/((-21)/(-12))*-1. Let d be u(c). Let x(f) = -f**2 - 7*f - 6. Determine x(d).
4
Let j(b) = 5*b + 31. Let c be j(-7). Let p be (3 + c)/((-1)/5). Let h(k) = -k**3 + 6*k**2 - 5*k - 5. Determine h(p).
-5
Let q be 316/(-8) + (-1)/2. Let b be ((-32)/q)/((-4)/10). Let h(a) = 4 + 0*a**2 - 5 - 3*a - a**2. Determine h(b).
1
Let r(i) = -4*i + 6*i**2 + 0*i**3 - 2*i**2 + 4 + i**3. Let y be 5*4/(-4) + 1. Determine r(y).
20
Let c(d) = d**3 - 5*d**2 + 2*d - 4. Let o(l) = -l**2 - 11*l + 17. Suppose -3*u = -4*u - 3*s - 21, -5*s = -4*u - 33. Let n be o(u). What is c(n)?
6
Let f(a) = a + 20. Suppose -26 = 2*n - 3*x, -29*n - x = -33*n - 72. Give f(n).
1
Let c(o) = -o**3 - 5*o**2 + 4*o - 14. Suppose 44 - 32 = -2*q. Determine c(q).
-2
Let d(g) be the third derivative of g**4/24 - 3*g**3/2 + 40*g**2. Let c be d(3). Let j(u) = -u**2 - 9*u - 5. Calculate j(c).
13
Let o be (6/10)/(0 + 7/(-35)). Let p(b) be the third derivative of b**5/60 + b**4/6 + b**3/2 + 15*b**2. Give p(o).
0
Let v(t) = -7*t - 22. Suppose -28 = 4*r - 2*y, -4*y - 9 = -97*r + 102*r. What is v(r)?
13
Let a(d) = d - 4. Let c(x) = -x + 27. Let f(m) = -2*a(m) - c(m). Give f(-18).
-1
Let s(i) = -23*i. Let y = -61 - -64. Let k be (-9 - -6) + (y - 1). Calculate s(k).
23
Let g be 1 + -1 - (-84)/4. Suppose -2*l + 3*m = l + 36, 2*l = m - g. Let k be (-3 - 0)/(l/(-12)). Let v(a) = a**2 + 4*a - 2. What is v(k)?
-2
Let d(y) = -1 - 6*y - 11*y**2 - 6*y + 44*y**3 - 82*y**3 - 3 + 39*y**3. Give d(12).
-4
Suppose 3*t + 5*y = -30, 0*t - 10 = t + 4*y. Let c be (-1)/t*-4*-65. Let s(q) = -5 + q**3 - 26*q + c*q - 6*q**2. Give s(6).
-5
Let w(q) be the second derivative of -q**5/10 - 7*q**4/12 - 2*q**3/3 - 3*q**2/2 + 37*q - 2. Calculate w(-3).
0
Let f(p) = 2*p**2 - p**2 - 2*p - p + 4 + 2*p. Let l be f(2). Let y(z) = 4 + 9 - z - l - z. Determine y(5).
-3
Let d(l) = -32*l - 46. Let f(z) = -17*z - 24. Let x(j) = -6*d(j) + 11*f(j). Give x(5).
37
Let o(m) = -4*m**2 - 4*m + 2. Let k(r) = -3*r**2 - 4*r + 2. Let x = 10 + -12. Let p(c) = x*o(c) + 3*k(c). Let w be 6/(-27) - (-86)/(-18). Give p(w).
-3
Let a(b) = -4*b - 1. Let f(z) = -10*z - 2. Let h(d) = 12*a(d) - 5*f(d). Let k be ((0 - 0) + -1)/((-5)/(-10)). Give h(k).
-6
Suppose 4*p + 4 = 2*t, -3*t + 33*p - 28*p + 3 = 0. Let n(o) = -5*o - 7. Let b(x) = 2*x + 2. Let z(j) = 8*b(j) + 3*n(j). What is z(t)?
-9
Let x(l) = -17*l - 20. Let r(a) = -6*a. Let s(u) = 3*r(u) - x(u). Let n = 0 - 0. Determine s(n).
20
Let f(q) = 2*q + 4. Let k(o) = 6*o + 15. Let d be k(-10). Let n = d - -75. Suppose -3*a + 8*a = -n. Determine f(a).
-8
Let m(f) be the third derivative of -1/12*f**4 + 12*f**2 - 1/10*f**5 + 0*f + 0 - 1/6*f**3. What is m(-1)?
-5
Let j(n) = -n**3 - 15*n**2 + 17*n + 20. Let g be (-72)/(-3)*7/(-14) - 4. Determine j(g).
4
Let g(c) = -c**3 - c**2 - c - 1. Let f(r) = -16*r**3 + 2*r**2 + 4*r + 3. Let a(n) = -f(n) - 3*g(n). Give a(1).
19
Suppose 0 = m + 4*s + 16 + 1, m = -5*s - 22. Suppose 0 = -2*b - m*b. Suppose -a + 4 - 9 = b. Let o(w) = -w + 4. Give o(a).
9
Suppose -3*i - d + 2*d = -10, -3*i - d = -8. Let l(s) = -s**2 + 5*s + 3. Calculate l(i).
9
Let f(d) = -3*d - 32. Suppose -14*o - 10 - 144 = 0. Give f(o).
1
Let t be 1/(-16) + (-113)/(-16). Let i(l) = l**3 - 6*l**2 - 7*l + 1. Determine i(t).
1
Suppose 2*w - w = 0. Suppose -12 = y - 5*z, -4*y + 5*z - z = 16. Let f = y - w. Let b(x) = -2*x + 2. Calculate b(f).
6
Suppose 12 - 6 = 6*s. Let u(b) = 2*b**3 - b. Let t(f) = -f**3 - f + 1. Let k(x) = -t(x) + u(x). What is k(s)?
2
Let i(c) = c**3 - 15*c**2 + 33*c + 46. Let q be i(12). Let d(m) = -m**3 + 10*m**2 + 4*m - 47. Determine d(q).
-7
Let v = -102 - -103. Let j(x) = 7*x**2 - 3*x + 3. Let s(h) = h**2 - h + 1. Let z be (2 - 0)*(-18)/(-12). Let o(g) = z*s(g) - j(g). Determine o(v).
-4
Let r be (-4)/(-12) - 39/9. Let n(l) = -21*l - l**2 + 7*l - 2 + 0 - 3 + 9*l. Determine n(r).
-1
Let h(b) = -b**2 + 3*b - 3. Suppose a - 4*q + 3 = 0, 2 = -3*a + 5*q + 7. Give h(a).
-13
Let b(u) = 11*u**3 + 10*u**2 + 29*u + 7. Let x(r) = -9*r**3 - 11*r**2 - 27*r - 6. Let h(q) = -5*b(q) - 6*x(q). Calculate h(17).
1
Let v(g) = g**2 - 8*g + 4. Let f be v(8). Let h(m) = -m**2 + 2*m**3 + m - 3*m**3 + f*m**2. Let a be 11 + -12 + (-10)/(-2). What is h(a)?
-12
Let p(q) be the first derivative of -q**3 - 3*q**2/2 - q - 125. Calculate p(-2).
-7
Let v(y) = 7*y**2 + 9*y - 12. Let u(d) = -d**2 - 4*d - 5. Let t be u(-4). Let f(p) = -11*p**2 - 14*p + 18. Let c(j) = t*f(j) - 8*v(j). What is c(4)?
-18
Let x be (-3)/(-5) + 66/15. Suppose 0 = -4*b - x*s + 26, 5*s + 6 = 2*b + 2*b. Let i(d) = b*d - 2 - 3*d + 6. What is 